{"id":99,"date":"2025-04-04T10:28:11","date_gmt":"2025-04-04T13:28:11","guid":{"rendered":"https:\/\/www.formarbr.com.br\/?page_id=99"},"modified":"2025-05-05T16:58:13","modified_gmt":"2025-05-05T19:58:13","slug":"clientes","status":"publish","type":"page","link":"https:\/\/www.formarbr.com.br\/?page_id=99","title":{"rendered":"Clientes"},"content":{"rendered":"\t\t<div data-elementor-type=\"wp-page\" data-elementor-id=\"99\" class=\"elementor elementor-99\" data-elementor-post-type=\"page\">\n\t\t\t\t<div class=\"elementor-element elementor-element-0a96bd0 e-flex e-con-boxed elementor-invisible e-con e-parent\" data-id=\"0a96bd0\" data-element_type=\"container\" data-settings=\"{&quot;animation&quot;:&quot;fadeIn&quot;}\">\n\t\t\t\t\t<div class=\"e-con-inner\">\n\t\t\t\t<div class=\"elementor-element elementor-element-3396ebf elementor-widget elementor-widget-heading\" data-id=\"3396ebf\" data-element_type=\"widget\" data-widget_type=\"heading.default\">\n\t\t\t\t<div class=\"elementor-widget-container\">\n\t\t\t\t\t<h2 class=\"elementor-heading-title elementor-size-default\">Clientes<\/h2>\t\t\t\t<\/div>\n\t\t\t\t<\/div>\n\t\t\t\t<div class=\"elementor-element elementor-element-4ca7d43 elementor-widget elementor-widget-text-editor\" data-id=\"4ca7d43\" data-element_type=\"widget\" data-widget_type=\"text-editor.default\">\n\t\t\t\t<div class=\"elementor-widget-container\">\n\t\t\t\t\t\t\t\t\t<p class=\"p1\">Nossos profissionais j\u00e1 atuaram em mais de 60 empresas, dentro e fora do Brasil.<\/p><p class=\"p1\">Nos orgulhamos muito de cada um dos trabalhos que realizamos em parceria com os nossos Clientes, onde compet\u00eancias e experi\u00eancias foram aliadas na busca das melhores solu\u00e7\u00f5es que atendessem suas necessidades atuais e futuras, sempre dentro de um clima interno de respeito e confian\u00e7a.<\/p><p class=\"p1\">Abaixo citamos alguns de nossos Clientes e Parceiros cultivados ao longo destes anos.<\/p>\t\t\t\t\t\t\t\t<\/div>\n\t\t\t\t<\/div>\n\t\t\t\t\t<\/div>\n\t\t\t\t<\/div>\n\t\t<div class=\"elementor-element elementor-element-23e211e animated-slow e-flex e-con-boxed elementor-invisible e-con e-parent\" data-id=\"23e211e\" data-element_type=\"container\" data-settings=\"{&quot;background_background&quot;:&quot;classic&quot;,&quot;animation&quot;:&quot;fadeIn&quot;}\">\n\t\t\t\t\t<div class=\"e-con-inner\">\n\t\t\t\t<div class=\"elementor-element elementor-element-3b29971 elementor-widget elementor-widget-image-gallery\" data-id=\"3b29971\" data-element_type=\"widget\" data-widget_type=\"image-gallery.default\">\n\t\t\t\t<div class=\"elementor-widget-container\">\n\t\t\t\t\t\t\t<div class=\"elementor-image-gallery\">\n\t\t\t<div id='gallery-1' class='gallery galleryid-99 gallery-columns-4 gallery-size-thumbnail'><figure class='gallery-item'>\n\t\t\t<div class='gallery-icon landscape'>\n\t\t\t\t<a data-elementor-open-lightbox=\"yes\" data-elementor-lightbox-slideshow=\"3b29971\" data-elementor-lightbox-title=\"logo-bracell\" data-e-action-hash=\"#elementor-action%3Aaction%3Dlightbox%26settings%3DeyJpZCI6MTk2LCJ1cmwiOiJodHRwczpcL1wvd3d3LmZvcm1hcmJyLmNvbS5iclwvd3AtY29udGVudFwvdXBsb2Fkc1wvMjAyNVwvMDRcL2xvZ28tYnJhY2VsbC5wbmciLCJzbGlkZXNob3ciOiIzYjI5OTcxIn0%3D\" href='https:\/\/www.formarbr.com.br\/wp-content\/uploads\/2025\/04\/logo-bracell.png'><img decoding=\"async\" width=\"150\" height=\"150\" src=\"https:\/\/www.formarbr.com.br\/wp-content\/uploads\/2025\/04\/logo-bracell-150x150.png\" class=\"attachment-thumbnail size-thumbnail\" alt=\"\" srcset=\"https:\/\/www.formarbr.com.br\/wp-content\/uploads\/2025\/04\/logo-bracell-150x150.png 150w, https:\/\/www.formarbr.com.br\/wp-content\/uploads\/2025\/04\/logo-bracell-300x300.png 300w, https:\/\/www.formarbr.com.br\/wp-content\/uploads\/2025\/04\/logo-bracell-768x768.png 768w, https:\/\/www.formarbr.com.br\/wp-content\/uploads\/2025\/04\/logo-bracell.png 800w\" sizes=\"(max-width: 150px) 100vw, 150px\" \/><\/a>\n\t\t\t<\/div><\/figure><figure class='gallery-item'>\n\t\t\t<div class='gallery-icon landscape'>\n\t\t\t\t<a data-elementor-open-lightbox=\"yes\" data-elementor-lightbox-slideshow=\"3b29971\" data-elementor-lightbox-title=\"logo-atvos\" data-e-action-hash=\"#elementor-action%3Aaction%3Dlightbox%26settings%3DeyJpZCI6MTk0LCJ1cmwiOiJodHRwczpcL1wvd3d3LmZvcm1hcmJyLmNvbS5iclwvd3AtY29udGVudFwvdXBsb2Fkc1wvMjAyNVwvMDRcL2xvZ28tYXR2b3MucG5nIiwic2xpZGVzaG93IjoiM2IyOTk3MSJ9\" href='https:\/\/www.formarbr.com.br\/wp-content\/uploads\/2025\/04\/logo-atvos.png'><img decoding=\"async\" width=\"150\" height=\"150\" src=\"https:\/\/www.formarbr.com.br\/wp-content\/uploads\/2025\/04\/logo-atvos-150x150.png\" class=\"attachment-thumbnail size-thumbnail\" alt=\"\" srcset=\"https:\/\/www.formarbr.com.br\/wp-content\/uploads\/2025\/04\/logo-atvos-150x150.png 150w, https:\/\/www.formarbr.com.br\/wp-content\/uploads\/2025\/04\/logo-atvos-300x300.png 300w, https:\/\/www.formarbr.com.br\/wp-content\/uploads\/2025\/04\/logo-atvos-768x768.png 768w, https:\/\/www.formarbr.com.br\/wp-content\/uploads\/2025\/04\/logo-atvos.png 800w\" sizes=\"(max-width: 150px) 100vw, 150px\" \/><\/a>\n\t\t\t<\/div><\/figure><figure class='gallery-item'>\n\t\t\t<div class='gallery-icon landscape'>\n\t\t\t\t<a data-elementor-open-lightbox=\"yes\" data-elementor-lightbox-slideshow=\"3b29971\" data-elementor-lightbox-title=\"logo-xmobots\" data-e-action-hash=\"#elementor-action%3Aaction%3Dlightbox%26settings%3DeyJpZCI6MjIyLCJ1cmwiOiJodHRwczpcL1wvd3d3LmZvcm1hcmJyLmNvbS5iclwvd3AtY29udGVudFwvdXBsb2Fkc1wvMjAyNVwvMDRcL2xvZ28teG1vYm90cy5wbmciLCJzbGlkZXNob3ciOiIzYjI5OTcxIn0%3D\" href='https:\/\/www.formarbr.com.br\/wp-content\/uploads\/2025\/04\/logo-xmobots.png'><img decoding=\"async\" width=\"150\" height=\"150\" src=\"https:\/\/www.formarbr.com.br\/wp-content\/uploads\/2025\/04\/logo-xmobots-150x150.png\" class=\"attachment-thumbnail size-thumbnail\" alt=\"\" srcset=\"https:\/\/www.formarbr.com.br\/wp-content\/uploads\/2025\/04\/logo-xmobots-150x150.png 150w, https:\/\/www.formarbr.com.br\/wp-content\/uploads\/2025\/04\/logo-xmobots-300x300.png 300w, https:\/\/www.formarbr.com.br\/wp-content\/uploads\/2025\/04\/logo-xmobots-768x768.png 768w, https:\/\/www.formarbr.com.br\/wp-content\/uploads\/2025\/04\/logo-xmobots.png 800w\" sizes=\"(max-width: 150px) 100vw, 150px\" \/><\/a>\n\t\t\t<\/div><\/figure><figure class='gallery-item'>\n\t\t\t<div class='gallery-icon landscape'>\n\t\t\t\t<a data-elementor-open-lightbox=\"yes\" data-elementor-lightbox-slideshow=\"3b29971\" data-elementor-lightbox-title=\"logo-rio-verde\" data-e-action-hash=\"#elementor-action%3Aaction%3Dlightbox%26settings%3DeyJpZCI6MjE4LCJ1cmwiOiJodHRwczpcL1wvd3d3LmZvcm1hcmJyLmNvbS5iclwvd3AtY29udGVudFwvdXBsb2Fkc1wvMjAyNVwvMDRcL2xvZ28tcmlvLXZlcmRlLnBuZyIsInNsaWRlc2hvdyI6IjNiMjk5NzEifQ%3D%3D\" href='https:\/\/www.formarbr.com.br\/wp-content\/uploads\/2025\/04\/logo-rio-verde.png'><img loading=\"lazy\" decoding=\"async\" width=\"150\" height=\"150\" src=\"https:\/\/www.formarbr.com.br\/wp-content\/uploads\/2025\/04\/logo-rio-verde-150x150.png\" class=\"attachment-thumbnail size-thumbnail\" alt=\"\" srcset=\"https:\/\/www.formarbr.com.br\/wp-content\/uploads\/2025\/04\/logo-rio-verde-150x150.png 150w, https:\/\/www.formarbr.com.br\/wp-content\/uploads\/2025\/04\/logo-rio-verde-300x300.png 300w, https:\/\/www.formarbr.com.br\/wp-content\/uploads\/2025\/04\/logo-rio-verde-768x768.png 768w, https:\/\/www.formarbr.com.br\/wp-content\/uploads\/2025\/04\/logo-rio-verde.png 800w\" sizes=\"(max-width: 150px) 100vw, 150px\" \/><\/a>\n\t\t\t<\/div><\/figure><figure class='gallery-item'>\n\t\t\t<div class='gallery-icon landscape'>\n\t\t\t\t<a data-elementor-open-lightbox=\"yes\" data-elementor-lightbox-slideshow=\"3b29971\" data-elementor-lightbox-title=\"logo-dpa-brasil\" data-e-action-hash=\"#elementor-action%3Aaction%3Dlightbox%26settings%3DeyJpZCI6MjE0LCJ1cmwiOiJodHRwczpcL1wvd3d3LmZvcm1hcmJyLmNvbS5iclwvd3AtY29udGVudFwvdXBsb2Fkc1wvMjAyNVwvMDRcL2xvZ28tZHBhLWJyYXNpbC5wbmciLCJzbGlkZXNob3ciOiIzYjI5OTcxIn0%3D\" href='https:\/\/www.formarbr.com.br\/wp-content\/uploads\/2025\/04\/logo-dpa-brasil.png'><img loading=\"lazy\" decoding=\"async\" width=\"150\" height=\"150\" src=\"https:\/\/www.formarbr.com.br\/wp-content\/uploads\/2025\/04\/logo-dpa-brasil-150x150.png\" class=\"attachment-thumbnail size-thumbnail\" alt=\"\" srcset=\"https:\/\/www.formarbr.com.br\/wp-content\/uploads\/2025\/04\/logo-dpa-brasil-150x150.png 150w, https:\/\/www.formarbr.com.br\/wp-content\/uploads\/2025\/04\/logo-dpa-brasil-300x300.png 300w, https:\/\/www.formarbr.com.br\/wp-content\/uploads\/2025\/04\/logo-dpa-brasil-768x768.png 768w, https:\/\/www.formarbr.com.br\/wp-content\/uploads\/2025\/04\/logo-dpa-brasil.png 800w\" sizes=\"(max-width: 150px) 100vw, 150px\" \/><\/a>\n\t\t\t<\/div><\/figure><figure class='gallery-item'>\n\t\t\t<div class='gallery-icon landscape'>\n\t\t\t\t<a data-elementor-open-lightbox=\"yes\" data-elementor-lightbox-slideshow=\"3b29971\" data-elementor-lightbox-title=\"logo-vale-da-onca\" data-e-action-hash=\"#elementor-action%3Aaction%3Dlightbox%26settings%3DeyJpZCI6MjIxLCJ1cmwiOiJodHRwczpcL1wvd3d3LmZvcm1hcmJyLmNvbS5iclwvd3AtY29udGVudFwvdXBsb2Fkc1wvMjAyNVwvMDRcL2xvZ28tdmFsZS1kYS1vbmNhLnBuZyIsInNsaWRlc2hvdyI6IjNiMjk5NzEifQ%3D%3D\" href='https:\/\/www.formarbr.com.br\/wp-content\/uploads\/2025\/04\/logo-vale-da-onca.png'><img loading=\"lazy\" decoding=\"async\" width=\"150\" height=\"150\" src=\"https:\/\/www.formarbr.com.br\/wp-content\/uploads\/2025\/04\/logo-vale-da-onca-150x150.png\" class=\"attachment-thumbnail size-thumbnail\" alt=\"\" srcset=\"https:\/\/www.formarbr.com.br\/wp-content\/uploads\/2025\/04\/logo-vale-da-onca-150x150.png 150w, https:\/\/www.formarbr.com.br\/wp-content\/uploads\/2025\/04\/logo-vale-da-onca-300x300.png 300w, https:\/\/www.formarbr.com.br\/wp-content\/uploads\/2025\/04\/logo-vale-da-onca-768x768.png 768w, https:\/\/www.formarbr.com.br\/wp-content\/uploads\/2025\/04\/logo-vale-da-onca.png 800w\" sizes=\"(max-width: 150px) 100vw, 150px\" \/><\/a>\n\t\t\t<\/div><\/figure><figure class='gallery-item'>\n\t\t\t<div class='gallery-icon landscape'>\n\t\t\t\t<a data-elementor-open-lightbox=\"yes\" data-elementor-lightbox-slideshow=\"3b29971\" data-elementor-lightbox-title=\"logo-dexco\" data-e-action-hash=\"#elementor-action%3Aaction%3Dlightbox%26settings%3DeyJpZCI6MjEzLCJ1cmwiOiJodHRwczpcL1wvd3d3LmZvcm1hcmJyLmNvbS5iclwvd3AtY29udGVudFwvdXBsb2Fkc1wvMjAyNVwvMDRcL2xvZ28tZGV4Y28ucG5nIiwic2xpZGVzaG93IjoiM2IyOTk3MSJ9\" href='https:\/\/www.formarbr.com.br\/wp-content\/uploads\/2025\/04\/logo-dexco.png'><img loading=\"lazy\" decoding=\"async\" width=\"150\" height=\"150\" src=\"https:\/\/www.formarbr.com.br\/wp-content\/uploads\/2025\/04\/logo-dexco-150x150.png\" class=\"attachment-thumbnail size-thumbnail\" alt=\"\" srcset=\"https:\/\/www.formarbr.com.br\/wp-content\/uploads\/2025\/04\/logo-dexco-150x150.png 150w, https:\/\/www.formarbr.com.br\/wp-content\/uploads\/2025\/04\/logo-dexco-300x300.png 300w, https:\/\/www.formarbr.com.br\/wp-content\/uploads\/2025\/04\/logo-dexco-768x768.png 768w, https:\/\/www.formarbr.com.br\/wp-content\/uploads\/2025\/04\/logo-dexco.png 800w\" sizes=\"(max-width: 150px) 100vw, 150px\" \/><\/a>\n\t\t\t<\/div><\/figure><figure class='gallery-item'>\n\t\t\t<div class='gallery-icon landscape'>\n\t\t\t\t<a data-elementor-open-lightbox=\"yes\" data-elementor-lightbox-slideshow=\"3b29971\" data-elementor-lightbox-title=\"logo-nardini\" data-e-action-hash=\"#elementor-action%3Aaction%3Dlightbox%26settings%3DeyJpZCI6MjE2LCJ1cmwiOiJodHRwczpcL1wvd3d3LmZvcm1hcmJyLmNvbS5iclwvd3AtY29udGVudFwvdXBsb2Fkc1wvMjAyNVwvMDRcL2xvZ28tbmFyZGluaS5wbmciLCJzbGlkZXNob3ciOiIzYjI5OTcxIn0%3D\" href='https:\/\/www.formarbr.com.br\/wp-content\/uploads\/2025\/04\/logo-nardini.png'><img loading=\"lazy\" decoding=\"async\" width=\"150\" height=\"150\" src=\"https:\/\/www.formarbr.com.br\/wp-content\/uploads\/2025\/04\/logo-nardini-150x150.png\" class=\"attachment-thumbnail size-thumbnail\" alt=\"\" srcset=\"https:\/\/www.formarbr.com.br\/wp-content\/uploads\/2025\/04\/logo-nardini-150x150.png 150w, https:\/\/www.formarbr.com.br\/wp-content\/uploads\/2025\/04\/logo-nardini-300x300.png 300w, https:\/\/www.formarbr.com.br\/wp-content\/uploads\/2025\/04\/logo-nardini-768x768.png 768w, https:\/\/www.formarbr.com.br\/wp-content\/uploads\/2025\/04\/logo-nardini.png 800w\" sizes=\"(max-width: 150px) 100vw, 150px\" \/><\/a>\n\t\t\t<\/div><\/figure><figure class='gallery-item'>\n\t\t\t<div class='gallery-icon landscape'>\n\t\t\t\t<a data-elementor-open-lightbox=\"yes\" data-elementor-lightbox-slideshow=\"3b29971\" data-elementor-lightbox-title=\"logo-matilat\" data-e-action-hash=\"#elementor-action%3Aaction%3Dlightbox%26settings%3DeyJpZCI6MjE1LCJ1cmwiOiJodHRwczpcL1wvd3d3LmZvcm1hcmJyLmNvbS5iclwvd3AtY29udGVudFwvdXBsb2Fkc1wvMjAyNVwvMDRcL2xvZ28tbWF0aWxhdC5wbmciLCJzbGlkZXNob3ciOiIzYjI5OTcxIn0%3D\" href='https:\/\/www.formarbr.com.br\/wp-content\/uploads\/2025\/04\/logo-matilat.png'><img loading=\"lazy\" decoding=\"async\" width=\"150\" height=\"150\" src=\"https:\/\/www.formarbr.com.br\/wp-content\/uploads\/2025\/04\/logo-matilat-150x150.png\" class=\"attachment-thumbnail size-thumbnail\" alt=\"\" srcset=\"https:\/\/www.formarbr.com.br\/wp-content\/uploads\/2025\/04\/logo-matilat-150x150.png 150w, https:\/\/www.formarbr.com.br\/wp-content\/uploads\/2025\/04\/logo-matilat-300x300.png 300w, https:\/\/www.formarbr.com.br\/wp-content\/uploads\/2025\/04\/logo-matilat-768x768.png 768w, https:\/\/www.formarbr.com.br\/wp-content\/uploads\/2025\/04\/logo-matilat.png 800w\" sizes=\"(max-width: 150px) 100vw, 150px\" \/><\/a>\n\t\t\t<\/div><\/figure><figure class='gallery-item'>\n\t\t\t<div class='gallery-icon landscape'>\n\t\t\t\t<a data-elementor-open-lightbox=\"yes\" data-elementor-lightbox-slideshow=\"3b29971\" data-elementor-lightbox-title=\"logo-tiete\" data-e-action-hash=\"#elementor-action%3Aaction%3Dlightbox%26settings%3DeyJpZCI6MjE5LCJ1cmwiOiJodHRwczpcL1wvd3d3LmZvcm1hcmJyLmNvbS5iclwvd3AtY29udGVudFwvdXBsb2Fkc1wvMjAyNVwvMDRcL2xvZ28tdGlldGUucG5nIiwic2xpZGVzaG93IjoiM2IyOTk3MSJ9\" href='https:\/\/www.formarbr.com.br\/wp-content\/uploads\/2025\/04\/logo-tiete.png'><img loading=\"lazy\" decoding=\"async\" width=\"150\" height=\"150\" src=\"https:\/\/www.formarbr.com.br\/wp-content\/uploads\/2025\/04\/logo-tiete-150x150.png\" class=\"attachment-thumbnail size-thumbnail\" alt=\"\" srcset=\"https:\/\/www.formarbr.com.br\/wp-content\/uploads\/2025\/04\/logo-tiete-150x150.png 150w, https:\/\/www.formarbr.com.br\/wp-content\/uploads\/2025\/04\/logo-tiete-300x300.png 300w, https:\/\/www.formarbr.com.br\/wp-content\/uploads\/2025\/04\/logo-tiete-768x768.png 768w, https:\/\/www.formarbr.com.br\/wp-content\/uploads\/2025\/04\/logo-tiete.png 800w\" sizes=\"(max-width: 150px) 100vw, 150px\" \/><\/a>\n\t\t\t<\/div><\/figure><figure class='gallery-item'>\n\t\t\t<div class='gallery-icon landscape'>\n\t\t\t\t<a data-elementor-open-lightbox=\"yes\" data-elementor-lightbox-slideshow=\"3b29971\" data-elementor-lightbox-title=\"logo-bunge\" data-e-action-hash=\"#elementor-action%3Aaction%3Dlightbox%26settings%3DeyJpZCI6MjEyLCJ1cmwiOiJodHRwczpcL1wvd3d3LmZvcm1hcmJyLmNvbS5iclwvd3AtY29udGVudFwvdXBsb2Fkc1wvMjAyNVwvMDRcL2xvZ28tYnVuZ2UucG5nIiwic2xpZGVzaG93IjoiM2IyOTk3MSJ9\" href='https:\/\/www.formarbr.com.br\/wp-content\/uploads\/2025\/04\/logo-bunge.png'><img loading=\"lazy\" decoding=\"async\" width=\"150\" height=\"150\" src=\"https:\/\/www.formarbr.com.br\/wp-content\/uploads\/2025\/04\/logo-bunge-150x150.png\" class=\"attachment-thumbnail size-thumbnail\" alt=\"\" srcset=\"https:\/\/www.formarbr.com.br\/wp-content\/uploads\/2025\/04\/logo-bunge-150x150.png 150w, https:\/\/www.formarbr.com.br\/wp-content\/uploads\/2025\/04\/logo-bunge-300x300.png 300w, https:\/\/www.formarbr.com.br\/wp-content\/uploads\/2025\/04\/logo-bunge-768x768.png 768w, https:\/\/www.formarbr.com.br\/wp-content\/uploads\/2025\/04\/logo-bunge.png 800w\" sizes=\"(max-width: 150px) 100vw, 150px\" \/><\/a>\n\t\t\t<\/div><\/figure><figure class='gallery-item'>\n\t\t\t<div class='gallery-icon landscape'>\n\t\t\t\t<a data-elementor-open-lightbox=\"yes\" data-elementor-lightbox-slideshow=\"3b29971\" data-elementor-lightbox-title=\"logo-raizen\" data-e-action-hash=\"#elementor-action%3Aaction%3Dlightbox%26settings%3DeyJpZCI6MjE3LCJ1cmwiOiJodHRwczpcL1wvd3d3LmZvcm1hcmJyLmNvbS5iclwvd3AtY29udGVudFwvdXBsb2Fkc1wvMjAyNVwvMDRcL2xvZ28tcmFpemVuLnBuZyIsInNsaWRlc2hvdyI6IjNiMjk5NzEifQ%3D%3D\" href='https:\/\/www.formarbr.com.br\/wp-content\/uploads\/2025\/04\/logo-raizen.png'><img loading=\"lazy\" decoding=\"async\" width=\"150\" height=\"150\" src=\"https:\/\/www.formarbr.com.br\/wp-content\/uploads\/2025\/04\/logo-raizen-150x150.png\" class=\"attachment-thumbnail size-thumbnail\" alt=\"\" srcset=\"https:\/\/www.formarbr.com.br\/wp-content\/uploads\/2025\/04\/logo-raizen-150x150.png 150w, https:\/\/www.formarbr.com.br\/wp-content\/uploads\/2025\/04\/logo-raizen-300x300.png 300w, https:\/\/www.formarbr.com.br\/wp-content\/uploads\/2025\/04\/logo-raizen-768x768.png 768w, https:\/\/www.formarbr.com.br\/wp-content\/uploads\/2025\/04\/logo-raizen.png 800w\" sizes=\"(max-width: 150px) 100vw, 150px\" \/><\/a>\n\t\t\t<\/div><\/figure><figure class='gallery-item'>\n\t\t\t<div class='gallery-icon landscape'>\n\t\t\t\t<a data-elementor-open-lightbox=\"yes\" data-elementor-lightbox-slideshow=\"3b29971\" data-elementor-lightbox-title=\"logo-usacucar\" data-e-action-hash=\"#elementor-action%3Aaction%3Dlightbox%26settings%3DeyJpZCI6MjIwLCJ1cmwiOiJodHRwczpcL1wvd3d3LmZvcm1hcmJyLmNvbS5iclwvd3AtY29udGVudFwvdXBsb2Fkc1wvMjAyNVwvMDRcL2xvZ28tdXNhY3VjYXIucG5nIiwic2xpZGVzaG93IjoiM2IyOTk3MSJ9\" href='https:\/\/www.formarbr.com.br\/wp-content\/uploads\/2025\/04\/logo-usacucar.png'><img loading=\"lazy\" decoding=\"async\" width=\"150\" height=\"150\" src=\"https:\/\/www.formarbr.com.br\/wp-content\/uploads\/2025\/04\/logo-usacucar-150x150.png\" class=\"attachment-thumbnail size-thumbnail\" alt=\"\" srcset=\"https:\/\/www.formarbr.com.br\/wp-content\/uploads\/2025\/04\/logo-usacucar-150x150.png 150w, https:\/\/www.formarbr.com.br\/wp-content\/uploads\/2025\/04\/logo-usacucar-300x300.png 300w, https:\/\/www.formarbr.com.br\/wp-content\/uploads\/2025\/04\/logo-usacucar-768x768.png 768w, https:\/\/www.formarbr.com.br\/wp-content\/uploads\/2025\/04\/logo-usacucar.png 800w\" sizes=\"(max-width: 150px) 100vw, 150px\" \/><\/a>\n\t\t\t<\/div><\/figure><figure class='gallery-item'>\n\t\t\t<div class='gallery-icon landscape'>\n\t\t\t\t<a data-elementor-open-lightbox=\"yes\" data-elementor-lightbox-slideshow=\"3b29971\" data-elementor-lightbox-title=\"logo-bioserv\" data-e-action-hash=\"#elementor-action%3Aaction%3Dlightbox%26settings%3DeyJpZCI6MTk1LCJ1cmwiOiJodHRwczpcL1wvd3d3LmZvcm1hcmJyLmNvbS5iclwvd3AtY29udGVudFwvdXBsb2Fkc1wvMjAyNVwvMDRcL2xvZ28tYmlvc2Vydi5wbmciLCJzbGlkZXNob3ciOiIzYjI5OTcxIn0%3D\" href='https:\/\/www.formarbr.com.br\/wp-content\/uploads\/2025\/04\/logo-bioserv.png'><img loading=\"lazy\" decoding=\"async\" width=\"150\" height=\"150\" src=\"https:\/\/www.formarbr.com.br\/wp-content\/uploads\/2025\/04\/logo-bioserv-150x150.png\" class=\"attachment-thumbnail size-thumbnail\" alt=\"\" srcset=\"https:\/\/www.formarbr.com.br\/wp-content\/uploads\/2025\/04\/logo-bioserv-150x150.png 150w, https:\/\/www.formarbr.com.br\/wp-content\/uploads\/2025\/04\/logo-bioserv-300x300.png 300w, https:\/\/www.formarbr.com.br\/wp-content\/uploads\/2025\/04\/logo-bioserv-768x768.png 768w, https:\/\/www.formarbr.com.br\/wp-content\/uploads\/2025\/04\/logo-bioserv.png 800w\" sizes=\"(max-width: 150px) 100vw, 150px\" \/><\/a>\n\t\t\t<\/div><\/figure>\n\t\t<\/div>\n\t\t<\/div>\n\t\t\t\t\t\t<\/div>\n\t\t\t\t<\/div>\n\t\t\t\t\t<\/div>\n\t\t\t\t<\/div>\n\t\t\t\t<\/div>\n\t\t","protected":false},"excerpt":{"rendered":"<p>Clientes Nossos profissionais j\u00e1 atuaram em mais de 60 empresas, dentro e fora do Brasil. Nos orgulhamos muito de cada um dos trabalhos que realizamos em parceria com os nossos Clientes, onde compet\u00eancias e experi\u00eancias foram aliadas na busca das melhores solu\u00e7\u00f5es que atendessem suas necessidades atuais e futuras, sempre dentro de um clima interno [&hellip;]<\/p>\n","protected":false},"author":1,"featured_media":0,"parent":0,"menu_order":0,"comment_status":"closed","ping_status":"closed","template":"elementor_header_footer","meta":{"footnotes":""},"class_list":["post-99","page","type-page","status-publish","hentry"],"_links":{"self":[{"href":"https:\/\/www.formarbr.com.br\/index.php?rest_route=\/wp\/v2\/pages\/99","targetHints":{"allow":["GET"]}}],"collection":[{"href":"https:\/\/www.formarbr.com.br\/index.php?rest_route=\/wp\/v2\/pages"}],"about":[{"href":"https:\/\/www.formarbr.com.br\/index.php?rest_route=\/wp\/v2\/types\/page"}],"author":[{"embeddable":true,"href":"https:\/\/www.formarbr.com.br\/index.php?rest_route=\/wp\/v2\/users\/1"}],"replies":[{"embeddable":true,"href":"https:\/\/www.formarbr.com.br\/index.php?rest_route=%2Fwp%2Fv2%2Fcomments&post=99"}],"version-history":[{"count":35,"href":"https:\/\/www.formarbr.com.br\/index.php?rest_route=\/wp\/v2\/pages\/99\/revisions"}],"predecessor-version":[{"id":855,"href":"https:\/\/www.formarbr.com.br\/index.php?rest_route=\/wp\/v2\/pages\/99\/revisions\/855"}],"wp:attachment":[{"href":"https:\/\/www.formarbr.com.br\/index.php?rest_route=%2Fwp%2Fv2%2Fmedia&parent=99"}],"curies":[{"name":"wp","href":"https:\/\/api.w.org\/{rel}","templated":true}]}}